 of s?
5
Suppose -10142 = 30*f - 284637 - 221285. What is the hundreds digit of f?
5
Suppose 40*k + 238 = 54*k. Suppose 10728 = k*g - 8*g. What is the hundreds digit of g?
1
Let p(i) = -i - 4. Let y be p(-5). Let a(d) = -118*d**3 + 85*d**3 + 78*d**3 + 1 - d. What is the tens digit of a(y)?
4
Suppose 0*f + 6*f = 6. Let g(i) = -16*i + 4. Let r be g(f). What is the tens digit of ((-45)/r)/(5/140)?
0
Suppose 5*d + 850 = -4070. Let k be 6/14 - d/56. What is the units digit of -4 + 68/k + (-2722)/(-18)?
1
Let v be 5988*(315/10)/7. Suppose 21*s - v = -6*s. What is the hundreds digit of s?
9
Let m = -406 - -406. Suppose m = 5*l - 3*d + 42 - 1872, 4*d = l - 383. What is the hundreds digit of l?
3
Suppose -3232*m + 1611*m + 179400 = -1613*m. What is the thousands digit of m?
2
Let v(z) be the first derivative of -7*z**2/2 + 96*z - 4. Let t = 1092 - 1092. What is the tens digit of v(t)?
9
Let r(c) = 321*c**2 + 10*c - 120. What is the ten thousands digit of r(6)?
1
Let t(w) = w**2 - 71*w + 851. What is the tens digit of t(65)?
6
Let u be (-152)/20 - 20/50. What is the hundreds digit of -201*2/u*4?
2
Let z(y) = 20*y + 363. Let a be z(-19). Let b(g) = -10*g + 118. What is the hundreds digit of b(a)?
2
Let w = -77 - -29. Let v = 81 + 58. Let c = w + v. What is the units digit of c?
1
Suppose 47*b = 150158 + 793226. What is the tens digit of b?
7
Let w be -6 - 6 - -6 - -58 - 6. Suppose 4*n - 4*l + 6*l - 304 = 0, 0 = 3*n - 3*l - 219. Let g = n - w. What is the tens digit of g?
2
Suppose -5662 = -x + a - 753, 19633 = 4*x - 3*a. What is the hundreds digit of x?
9
Let j be ((-2)/4)/(32/(-960)). Let l(r) = -r**3 + 14*r**2 + 19*r + 35. What is the tens digit of l(j)?
9
Let k = -50 - -57. Let y(h) = -4*h - 8. Let p be y(k). Let w = p + 157. What is the units digit of w?
1
Let s(f) = f**2 + 4*f. Let p be s(-9). Suppose 0 = -n - p + 53. Suppose n*t + 69 = 9*t. What is the tens digit of t?
6
Let u(q) = -q**2 + 24*q - 126. Let y be u(16). Suppose -4*p - 363 = -y*o + 439, -3*o + 4*p + 1195 = 0. What is the tens digit of o?
9
Suppose 2*i = 2*t - 14552, -3*t - 4*i + 29152 = t. What is the units digit of t?
2
What is the tens digit of (-4)/(-18) - ((-5559054)/(-345))/((-27)/15)?
5
Let x(r) = r**2 + 0*r**2 - 27 - 541*r + 561*r. What is the tens digit of x(15)?
9
Let x = -7884 - -14341. What is the thousands digit of x?
6
Suppose 2*k = 4*g + 24, k - 6*k = 5*g. What is the tens digit of (2/2)/(9772/(-2444) + k)?
1
Suppose 3*t - 938 - 4111 = 0. What is the units digit of t/3 + -3 + 0?
8
Let l(b) = 11*b + 15. Let n be l(-1). Suppose 2*c + 2498 = n*w, -5*c = w - 2*c - 621. What is the units digit of w?
4
Let u = 878 + -1387. What is the units digit of (-1)/(2/2)*u?
9
Suppose -3*t - 1 = -10. Let j(z) = 2*z**t - 28*z - z**3 - 2 + 17*z - 6*z**2. What is the units digit of j(9)?
2
Let j(d) = -d**2 + 17*d - 38. Let p be j(22). Let z = -113 - p. What is the tens digit of z?
3
Let z = -3970 + 4437. What is the hundreds digit of z?
4
What is the thousands digit of (-10)/(-2) + 12315 + -9 + 0 + 9?
2
Let k(y) = -777*y + 8. What is the hundreds digit of k(-13)?
1
Let y be 0 + 2 + 6 + -2. Suppose 0 = -3*n - s + y, 3*n + 2*s - 6 = 3*s. Suppose -3*o = -c + 86, 5*c = 4*c + n*o + 85. What is the units digit of c?
3
Suppose -4*t + 3464 = -2*b, 2*t = 2*b + 2521 + 939. Let g = 2426 + b. What is the tens digit of g?
9
Let x(r) be the third derivative of r**5/12 - r**4/4 + 11*r**3/2 - r**2. Suppose 24*d = -2*d - 207 + 389. What is the units digit of x(d)?
6
Let w(r) = -r**3 + 32*r**2 - 81*r - 19. What is the tens digit of w(17)?
3
Suppose 0 = b + 4*k - 44, -14 = -b - 2*k + 30. Let a(f) = -21*f**3 + f**2 + 2*f + 2. Let n be a(-2). Suppose -b = -d + n. What is the hundreds digit of d?
2
Let a(k) = -k**3 - 8*k**2 - 6*k - 44. Let g be a(-8). Suppose m - p - 663 = 2*p, -g*m = 4*p - 2652. What is the hundreds digit of m?
6
Let r be (-1530)/2 - (-15 + 11). Let s = -409 - r. What is the hundreds digit of s?
3
Suppose 3*n + 2*w = -67 + 185, -4*w = n - 36. Suppose -n*t + 35*t = -2610. What is the units digit of t?
2
Suppose 4*r - 12*u + 9*u - 79982 = 0, 4*u + 39976 = 2*r. What is the tens digit of r?
0
Suppose 70423 - 145893 = -80*x + 547890. What is the hundreds digit of x?
7
Suppose -66*j + 22*j + 30*j = -79744. What is the tens digit of j?
9
Let y(g) = -g**3 - g**2 - 37. Let b be y(0). Let i = -43 - b. Let s(m) = m**2 + m + 12. What is the units digit of s(i)?
2
Suppose -65135 = -5*o + 5*m, 3*o - 297*m = -298*m + 39065. What is the ten thousands digit of o?
1
Let n be (-4)/((-60)/33) - (-12)/15. Suppose 4*r + 3*c - n = -0, -c + 6 = 3*r. Suppose 0 = -r*g + 53 + 190. What is the units digit of g?
1
Let r = 3222 - 3065. What is the units digit of r?
7
Suppose -61130 = -13*t + 247754 + 11163. What is the units digit of t?
9
Suppose -5*r - 5*s = -54905, -17*r + 32923 = -14*r - 2*s. What is the thousands digit of r?
0
Suppose 4*t + p - 124 = 0, -4*t + 62 = -2*t - 5*p. Suppose -t*m - 22 = -32*m. Let o = 57 + m. What is the units digit of o?
9
Let t(v) = -13 - v + 6*v + 4*v + 10*v. Let n = -62 + 69. What is the hundreds digit of t(n)?
1
Let b = 1150 - 574. Suppose 1009 = 3*m + 2*d, 4*d + b = 2*m - 86. What is the hundreds digit of m?
3
Let v(b) = -5*b**2 - 10*b + 11. Let r be v(-6). Let j = 65 - r. What is the hundreds digit of j?
1
Let k = 31 + 4. Suppose -w = -k - 18. Suppose v - w = 18. What is the units digit of v?
1
Let b(l) = 1035*l**2 + 548*l - 1655. What is the hundreds digit of b(3)?
3
Let c(r) = 573*r + 9052. What is the units digit of c(-5)?
7
What is the units digit of (-2)/((2 - (-6 - -9))/(5*3673))?
0
Suppose -5*j = 3*j - 32. Suppose -4*z - 5*a = -10*a - 212, -j*a = -z + 64. Let m = 198 - z. What is the hundreds digit of m?
1
Let c(j) = j**3 + 8*j**2 - 18*j + 23. Let b be c(-10). Suppose 4*k - 5*a - 204 = -a, b*a = 4*k - 205. What is the units digit of k?
2
Let u be 8 - (-9)/((-12)/4). Suppose 0*v + u*v - r = 212, 5*v = -2*r + 206. What is the units digit of v?
2
Suppose 5*t = 1410 - 375. Let b = -16 + t. What is the tens digit of b?
9
Suppose -1034*v + 514*v - 12932 = -524*v. What is the thousands digit of v?
3
Suppose 4*q = 3*z - 5*z - 12, -3*z = 5*q + 15. Let f(a) = -a**2 - 10*a + 4. Let v be f(-8). Suppose t + 0*t - v = z. What is the tens digit of t?
2
Suppose 0 = 761*k - 795*k + 1045126. What is the thousands digit of k?
0
Suppose 51044 = 37*i - 9*i. Suppose -5*p = 2*u - 749, -3*u + i = 2*u - 4*p. What is the hundreds digit of u?
3
Let d(s) = 131 + 201 + 108 + s**2 + 37. What is the tens digit of d(0)?
7
Let o(u) = 0 - 1 - 9*u - 15*u. Let n(h) = -25*h. Let l(x) = 2*n(x) - 3*o(x). What is the tens digit of l(3)?
6
Suppose 5*i = 3*p - 373, 374 = 3*p - 0*i - 4*i. Suppose 3*s + 280 = z, -440 = -2*z + 4*s + p. What is the tens digit of z?
8
Let y = 125 - 299. Suppose 0*x = -x - 61. Let m = x - y. What is the units digit of m?
3
Let b(t) = -35*t + 12. Let r be b(-15). Suppose 0 = 3*v - 3*d - r, -v = 4*d + d - 179. Suppose v = -7*s + 1033. What is the units digit of s?
2
Suppose 0 = 6*k + 2731 + 797. What is the hundreds digit of 336/k + (-16710)/(-14)?
1
Suppose 4*n + 67 - 47 = 0, 5*p - 5740 = -3*n. What is the thousands digit of p?
1
Let h = 63631 - -20833. What is the ten thousands digit of h?
8
Let s be (-1)/(312/316 - 1). Let y = 285 - 171. Let j = y - s. What is the tens digit of j?
3
Suppose -13*u + 114 = -68. Suppose 13646 + 830 = u*z. What is the tens digit of z?
3
Suppose 5*a = 4*p - 760 - 175, -p + a + 235 = 0. Suppose -4*f = m - p, 7*m - 4*f - 444 = 5*m. What is the hundreds digit of m?
2
Let a = 10278 - 4964. What is the hundreds digit of a?
3
Let j(t) = -2*t**2 + 8*t + 4. Let n be j(0). Suppose -3*g - 592 = -n*m, -m = -4*m - g + 444. What is the tens digit of m?
4
Let p(i) = -2*i**3 - 16*i**2 - 7*i + 18481. What is the ten thousands digit of p(0)?
1
Let r = 38 - 5. Let l = r + -38. What is the tens digit of (-63)/(-1) + 15/l?
6
Suppose -9364 = -2*x - 4*p, 212*p = 5*x + 207*p - 23470. What is the thousands digit of x?
4
Let k be (-4)/(-14) - ((-1532)/28 + -3). Suppose -k*m + 5440 = -54*m. Suppose 1084 = 13*q - m. What is the tens digit of q?
8
Suppose -18*j = -25*j + 6790. Let m = j + -1. What is the hundreds digit of m?
9
Let o(i) = -6*i**2 + 14*i**2 - 19 - 29 - 12*i - 7. What is the